0?
10
Calculate the highest common divisor of 11908465 and 5.
5
What is the highest common divisor of 130 and 1737837790?
130
Calculate the greatest common divisor of 33624 and 414840.
24
What is the greatest common divisor of 2128680 and 409320?
1080
Calculate the highest common factor of 110795574 and 95.
19
What is the highest common divisor of 38181555 and 72693?
1773
Calculate the highest common divisor of 217 and 8414693.
7
What is the greatest common divisor of 1776 and 6215223?
111
What is the highest common factor of 1679591 and 274983?
1291
Calculate the highest common factor of 6435 and 300586.
143
What is the greatest common factor of 97486361 and 5747?
5747
Calculate the greatest common factor of 57 and 6040955.
19
What is the highest common factor of 33989421 and 444?
111
What is the greatest common factor of 13835835 and 75?
15
What is the highest common divisor of 1528996 and 899?
29
Calculate the greatest common divisor of 17796701 and 13.
13
What is the greatest common factor of 104660046 and 108?
54
What is the greatest common divisor of 60480 and 72282?
42
Calculate the greatest common factor of 142378946 and 3764.
1882
What is the highest common divisor of 305582 and 180?
2
What is the highest common divisor of 204 and 586653?
51
Calculate the greatest common divisor of 25 and 12256000.
25
Calculate the highest common factor of 4305 and 1166258940.
4305
What is the greatest common factor of 747904 and 1536?
128
What is the greatest common factor of 8317155 and 64680?
1155
What is the greatest common divisor of 11234740 and 715?
55
Calculate the greatest common factor of 23775 and 25275.
75
What is the greatest common divisor of 31583755 and 1015?
1015
What is the greatest common divisor of 49 and 132931953?
49
Calculate the greatest common factor of 11 and 63327055.
11
What is the greatest common factor of 47196 and 78622?
38
Calculate the greatest common divisor of 123492 and 276996.
492
What is the highest common divisor of 140371 and 11396?
77
What is the highest common divisor of 624 and 726114064?
208
What is the highest common factor of 12775816 and 11008?
344
What is the highest common factor of 3399680 and 7885?
415
Calculate the highest common divisor of 57105 and 84807.
243
Calculate the greatest common factor of 36760 and 1117480.
40
Calculate the highest common factor of 22882216 and 2184.
56
What is the greatest common divisor of 17440 and 23440?
80
What is the highest common factor of 6957003 and 294603?
1041
What is the highest common factor of 50469772 and 32?
4
Calculate the highest common divisor of 1518740448 and 48.
48
What is the greatest common factor of 1077879 and 627?
33
Calculate the greatest common divisor of 5655664 and 2884.
28
What is the greatest common factor of 9371465 and 380?
95
Calculate the greatest common divisor of 240372 and 3177.
9
What is the greatest common divisor of 21007330 and 170?
10
Calculate the greatest common divisor of 2583 and 795031.
41
What is the greatest common divisor of 85 and 107057670?
85
What is the greatest common divisor of 8019220 and 110?
110
What is the greatest common divisor of 2912 and 189030296?
728
What is the highest common factor of 380 and 12447660?
380
Calculate the highest common divisor of 509000 and 50500.
500
What is the greatest common divisor of 3225189 and 44?
11
What is the highest common factor of 10419 and 103089059?
3473
What is the greatest common factor of 1440 and 129009120?
480
Calculate the greatest common divisor of 283820 and 14720.
460
What is the highest common factor of 36650147 and 17?
17
What is the highest common divisor of 132131862 and 70862?
6442
What is the highest common factor of 1464 and 3684872?
8
Calculate the greatest common factor of 34229204 and 1892.
172
Calculate the highest common divisor of 54024 and 229992.
24
What is the highest common factor of 50757 and 1394609?
2417
What is the highest common divisor of 6784 and 18868?
212
What is the greatest common divisor of 5117 and 1335299?
119
What is the highest common factor of 5074772 and 60384?
2516
Calculate the greatest common factor of 217 and 3382007.
31
Calculate the greatest common factor of 9344225 and 429371.
3089
What is the greatest common divisor of 57998824 and 7176?
2392
What is the highest common divisor of 99110 and 58718?
374
What is the highest common divisor of 3896 and 9894866?
974
Calculate the highest common divisor of 332 and 316599350.
166
Calculate the greatest common divisor of 1364 and 135205508.
124
What is the highest common divisor of 817893 and 58653?
171
Calculate the greatest common divisor of 212 and 3490516.
4
Calculate the greatest common divisor of 551095 and 43415.
95
Calculate the greatest common divisor of 333 and 216354873.
111
What is the highest common factor of 61279339 and 88111?
1241
What is the greatest common factor of 686 and 2514778?
98
Calculate the greatest common factor of 512523451 and 121.
121
Calculate the greatest common factor of 2006 and 68011778.
118
Calculate the highest common divisor of 29652 and 299775.
21
Calculate the greatest common factor of 20355 and 389852530.
6785
Calculate the greatest common factor of 2096561 and 20336.
31
Calculate the greatest common divisor of 28014378 and 1029.
147
Calculate the greatest common divisor of 7254 and 8070912.
558
What is the highest common factor of 9 and 7153170?
3
What is the highest common factor of 3339 and 2832744?
159
Calculate the highest common factor of 369342679 and 4358.
2179
Calculate the greatest common divisor of 1582 and 129928078.
1582
What is the highest common factor of 192 and 63582912?
192
Calculate the greatest common factor of 36758103 and 9.
3
What is the highest common divisor of 24106 and 2901662?
34
Calculate the highest common divisor of 12401195 and 206140.
4685
What is the highest common factor of 12500 and 6718900?
100
Calculate the highest common divisor of 32031960 and 240.
120
What is the highest common factor of 3022753 and 64022?
4573
Calculate the greatest common factor of 68442844 and 872.
436
What is the greatest common divisor of 30612664 and 64?
8
What is the greatest common factor of 1295 and 38878?
7
What is the highest common factor of 17570 and 1162?
14
What is the highest common divisor of 22 and 86788526?
22
Calculate the highest common divisor of 2714264 and 42503.
19
Calculate the highest common factor of 3223197 and 426510.
6093
What is the greatest common factor of 957 and 3664617?
33
What is the greatest common factor of 76332 and 17964?
12
What is the highest common factor of 153920 and 13750?
10
What is the greatest common factor of 261802237 and 78032?
4877
What is the highest common divisor of 148292 and 43754?
262
Calculate the greatest common factor of 660400 and 3203575.
3175
Calculate the highest common factor of 395 and 18966241.
79
What is the highest common divisor of 361 and 380703741?
361
What is the highest common factor of 7232238 and 616590?
7254
Calculate the highest common factor of 10319 and 41939.
17
Calculate the greatest common factor of 25110640 and 160.
80
Calculate the greatest common factor of 53862433 and 7.
1
What is the greatest common divisor of 1358 and 311528?
14
What is the greatest common divisor of 1159407 and 14283?
621
Calculate the greatest common factor of 522741 and 187287.
489
Calculate the highest common factor of 62403 and 76677.
183
Calculate the greatest common factor of 1191 and 4335.
3
What is the highest common divisor of 4676 and 4598846?
2338
Calculate the greatest common factor of 14659161 and 99.
33
Calculate the greatest common factor of 63580 and 12460235.
1445
What is the greatest common divisor of 156 and 246167324?
52
What is the greatest common factor of 480 and 334728480?
480
What is the highest common factor of 5469640 and 37510?
3410
Calculate the greatest common divisor of 201780 and 8328.
12
What is the greatest common divisor of 402707 and 1219?
23
What is the greatest common divisor of 84 and 321288954?
42
Calculate the highest common divisor of 5721124 and 40.
4
What is the highest common factor of 355449 and 218?
109
Calculate the highest common factor of 31920 and 42672.
336
Calculate the highest common factor of 4777580 and 20.
20
W